{"id":196,"date":"2020-12-08T09:11:46","date_gmt":"2020-12-08T08:11:46","guid":{"rendered":"https:\/\/www.businessgarden.eu\/poland\/covid-19\/?page_id=196"},"modified":"2020-12-08T09:58:06","modified_gmt":"2020-12-08T08:58:06","slug":"stacje-do-dezynfekcji-rak","status":"publish","type":"page","link":"https:\/\/www.businessgarden.eu\/poland\/covid-19\/pl\/stacje-do-dezynfekcji-rak\/","title":{"rendered":"Stacje do dezynfekcji r\u0105k"},"content":{"rendered":"<p>Recepcje budynk\u00f3w zosta\u0142y dodatkowo wyposa\u017cone w p\u0142yn dezynfekuj\u0105cy i bezdotykowe stacje. Dodatkowo, stacje do dezynfekcji r\u0105k zosta\u0142y umieszczone w miejscach, kt\u00f3re s\u0105 uwa\u017cane za najbardziej krytyczne, czyli:<\/p>\n<ul>\n<li>hole windowe w gara\u017cu podziemnym<\/li>\n<li>szatnie dla rowerzyst\u00f3w<\/li>\n<li>nasze stacje rower\u00f3w Ale Jazda!<\/li>\n<\/ul>\n<p><img class=\"alignnone wp-image-197 size-full\" src=\"https:\/\/www.businessgarden.eu\/poland\/covid-19\/wp-content\/uploads\/2020\/12\/Group-3-1.jpg\" alt=\"\" width=\"830\" height=\"361\" srcset=\"https:\/\/www.businessgarden.eu\/poland\/covid-19\/wp-content\/uploads\/2020\/12\/Group-3-1.jpg 830w, https:\/\/www.businessgarden.eu\/poland\/covid-19\/wp-content\/uploads\/2020\/12\/Group-3-1-300x130.jpg 300w, https:\/\/www.businessgarden.eu\/poland\/covid-19\/wp-content\/uploads\/2020\/12\/Group-3-1-768x334.jpg 768w\" sizes=\"(max-width: 830px) 100vw, 830px\" \/><\/p>\n","protected":false},"excerpt":{"rendered":"<p>Recepcje budynk\u00f3w zosta\u0142y dodatkowo wyposa\u017cone w p\u0142yn dezynfekuj\u0105cy i bezdotykowe stacje. Dodatkowo, stacje do dezynfekcji&#8230;<\/p>\n","protected":false},"author":1,"featured_media":0,"parent":0,"menu_order":0,"comment_status":"closed","ping_status":"closed","template":"templates\/text.php","meta":{"spay_email":""},"_links":{"self":[{"href":"https:\/\/www.businessgarden.eu\/poland\/covid-19\/wp-json\/wp\/v2\/pages\/196"}],"collection":[{"href":"https:\/\/www.businessgarden.eu\/poland\/covid-19\/wp-json\/wp\/v2\/pages"}],"about":[{"href":"https:\/\/www.businessgarden.eu\/poland\/covid-19\/wp-json\/wp\/v2\/types\/page"}],"author":[{"embeddable":true,"href":"https:\/\/www.businessgarden.eu\/poland\/covid-19\/wp-json\/wp\/v2\/users\/1"}],"replies":[{"embeddable":true,"href":"https:\/\/www.businessgarden.eu\/poland\/covid-19\/wp-json\/wp\/v2\/comments?post=196"}],"version-history":[{"count":0,"href":"https:\/\/www.businessgarden.eu\/poland\/covid-19\/wp-json\/wp\/v2\/pages\/196\/revisions"}],"wp:attachment":[{"href":"https:\/\/www.businessgarden.eu\/poland\/covid-19\/wp-json\/wp\/v2\/media?parent=196"}],"curies":[{"name":"wp","href":"https:\/\/api.w.org\/{rel}","templated":true}]}}