{"id":209,"date":"2020-12-08T09:38:03","date_gmt":"2020-12-08T08:38:03","guid":{"rendered":"https:\/\/www.businessgarden.eu\/poland\/covid-19\/?page_id=209"},"modified":"2020-12-08T10:00:06","modified_gmt":"2020-12-08T09:00:06","slug":"rozszerzony-harmonogram-czyszczenia-i-dezynfekcji-w-miejscach-publicznych","status":"publish","type":"page","link":"https:\/\/www.businessgarden.eu\/poland\/covid-19\/pl\/rozszerzony-harmonogram-czyszczenia-i-dezynfekcji-w-miejscach-publicznych\/","title":{"rendered":"Rozszerzony harmonogram czyszczenia i dezynfekcji w miejscach publicznych"},"content":{"rendered":"<p>Serwis sprz\u0105taj\u0105cy dezynfekuje na bie\u017c\u0105co wszystkie powierzchnie dotykowe <strong>min. 3 razy dziennie<\/strong>, takie jak: klamki, w\u0142\u0105czniki do \u015bwiate\u0142, czytniki kart w bramkach, por\u0119cze i przyciski w windach na powierzchniach wsp\u00f3lnych.<\/p>\n<p>Myd\u0142o stosowane w toaletach wsp\u00f3lnych i szatniach dla rowerzyst\u00f3w jest myd\u0142em o w\u0142a\u015bciwo\u015bciach dezynfekuj\u0105cych.<\/p>\n<p>* Stosowane \u015brodki myj\u0105co-dezynfekuj\u0105ce r\u00f3\u017cni\u0105 si\u0119 mi\u0119dzy naszymi kompleksami w Poznaniu, Warszawie i Wroc\u0142awiu &#8211; je\u015bli chcesz dowiedzie\u0107 si\u0119 wi\u0119cej o kartach produkt\u00f3w, skontaktuj si\u0119 z nami!<\/p>\n<p><img class=\"alignnone wp-image-210 size-full\" src=\"https:\/\/www.businessgarden.eu\/poland\/covid-19\/wp-content\/uploads\/2020\/12\/Group-1-1.jpg\" alt=\"\" width=\"830\" height=\"361\" srcset=\"https:\/\/www.businessgarden.eu\/poland\/covid-19\/wp-content\/uploads\/2020\/12\/Group-1-1.jpg 830w, https:\/\/www.businessgarden.eu\/poland\/covid-19\/wp-content\/uploads\/2020\/12\/Group-1-1-300x130.jpg 300w, https:\/\/www.businessgarden.eu\/poland\/covid-19\/wp-content\/uploads\/2020\/12\/Group-1-1-768x334.jpg 768w\" sizes=\"(max-width: 830px) 100vw, 830px\" \/><\/p>\n","protected":false},"excerpt":{"rendered":"<p>Serwis sprz\u0105taj\u0105cy dezynfekuje na bie\u017c\u0105co wszystkie powierzchnie dotykowe min. 3 razy dziennie, takie jak: klamki,&#8230;<\/p>\n","protected":false},"author":1,"featured_media":0,"parent":0,"menu_order":0,"comment_status":"closed","ping_status":"closed","template":"templates\/text.php","meta":{"spay_email":""},"_links":{"self":[{"href":"https:\/\/www.businessgarden.eu\/poland\/covid-19\/wp-json\/wp\/v2\/pages\/209"}],"collection":[{"href":"https:\/\/www.businessgarden.eu\/poland\/covid-19\/wp-json\/wp\/v2\/pages"}],"about":[{"href":"https:\/\/www.businessgarden.eu\/poland\/covid-19\/wp-json\/wp\/v2\/types\/page"}],"author":[{"embeddable":true,"href":"https:\/\/www.businessgarden.eu\/poland\/covid-19\/wp-json\/wp\/v2\/users\/1"}],"replies":[{"embeddable":true,"href":"https:\/\/www.businessgarden.eu\/poland\/covid-19\/wp-json\/wp\/v2\/comments?post=209"}],"version-history":[{"count":0,"href":"https:\/\/www.businessgarden.eu\/poland\/covid-19\/wp-json\/wp\/v2\/pages\/209\/revisions"}],"wp:attachment":[{"href":"https:\/\/www.businessgarden.eu\/poland\/covid-19\/wp-json\/wp\/v2\/media?parent=209"}],"curies":[{"name":"wp","href":"https:\/\/api.w.org\/{rel}","templated":true}]}}