{"id":78,"date":"2020-11-20T23:03:12","date_gmt":"2020-11-20T22:03:12","guid":{"rendered":"https:\/\/www.businessgarden.eu\/poland\/covid-19\/?page_id=78"},"modified":"2021-03-11T13:06:52","modified_gmt":"2021-03-11T12:06:52","slug":"regulamin","status":"publish","type":"page","link":"https:\/\/www.businessgarden.eu\/poland\/covid-19\/pl\/regulamin\/","title":{"rendered":"Warunki i Zasady"},"content":{"rendered":"<p><strong>Warunki i zasady korzystania ze strony internetowej<\/strong><\/p>\n<p><strong>Wst\u0119p<\/strong><\/p>\n<p>Witamy na stronie Business Garden.<\/p>\n<p>Poni\u017cej prezentujemy warunki, na jakich mo\u017cesz korzysta\u0107 z naszej strony internetowej www.businessgarden.eu, zar\u00f3wno jako zarejestrowany u\u017cytkownik, jak i go\u015b\u0107. Prosz\u0119 zapoznaj si\u0119 z nimi uwa\u017cnie przed skorzystaniem z serwisu.<\/p>\n<p>Korzystaj\u0105c ze strony, akceptujesz niniejsze warunki i zobowi\u0105zujesz si\u0119 do ich przestrzegania. Je\u015bli nie akceptujesz warunk\u00f3w, opu\u015b\u0107 stron\u0119.<\/p>\n<p><strong>Kim jeste\u015bmy<\/strong><\/p>\n<p>Domena businessgarden.eu obs\u0142ugiwana jest przez Vastint Poland Sp. z o.o., firm\u0119 zarejestrowan\u0105 w Polsce, w rejestrze przedsi\u0119biorc\u00f3w prowadzonym przez S\u0105d Rejonowy dla m. st. Warszawy w Warszawie, XIII Wydzia\u0142 Gospodarczy Krajowego Rejestru S\u0105dowego pod numerem KRS 0000052642. Nasza siedziba znajduje si\u0119 pod adresem: \u017bwirki i Wigury 16b, 02-092 Warszawa. Nasz numer NIP to: 5213004622.<\/p>\n<p><strong>Korzystanie ze strony internetowej<\/strong><\/p>\n<p>Otrzymujesz zgod\u0119 na tymczasowe korzystanie ze strony internetowej, jednak\u017ce zastrzegamy sobie prawo do zamkni\u0119cia lub zmiany naszej us\u0142ugi w dowolnym czasie bez uprzedzenia i bez ponoszenia odpowiedzialno\u015bci prawnej.<\/p>\n<p>Wszystkie kody identyfikacyjne, has\u0142a i inne informacje dotycz\u0105ce bezpiecze\u0144stwa nale\u017cy traktowa\u0107 jako poufne. Je\u015bli dojdziemy do wniosku, \u017ce nie zachowa\u0142e\u015b poufno\u015bci, mo\u017cemy zablokowa\u0107 wszelkie dane dotycz\u0105ce bezpiecze\u0144stwa (w tym has\u0142a i kody).<\/p>\n<p>Je\u015bli zezwalasz osobom trzecim na korzystanie z naszej strony, musisz si\u0119 upewni\u0107, \u017ce w pierwszej kolejno\u015bci zapoznali si\u0119 oni z warunkami i \u017ce ich przestrzegaj\u0105.<br \/>\nKorzystaj z tej strony zgodnie z prawem i podanymi warunkami. W przypadku naruszenia zasad, mo\u017cemy zawiesi\u0107 Twoje prawo u\u017cytkowania strony lub ca\u0142kowicie je zablokowa\u0107.<\/p>\n<p>Cz\u0119sto aktualizujemy stron\u0119 i wprowadzamy na niej zmiany, jednak\u017ce, nie jeste\u015bmy do tego zobligowani, w zwi\u0105zku z czym, materia\u0142y na stronie mog\u0105 by\u0107 nieaktualne.<\/p>\n<p>Tre\u015bci na stronie nie maj\u0105 charakteru porad i nie powiniene\u015b na nich polega\u0107. Wykluczamy wszelk\u0105 odpowiedzialno\u015b\u0107 prawn\u0105 i koszty zwi\u0105zane z pok\u0142adanym zaufaniem w stosunku do informacji prezentowanych na stronie przez kogokolwiek.<\/p>\n<p>Przestrzegamy naszej polityki prywatno\u015bci przy przetwarzaniu informacji o u\u017cytkownikach serwisu.<\/p>\n<p>Korzystaj\u0105c ze strony, wyra\u017casz zgod\u0119 na przetwarzanie swoich danych i potwierdzasz, \u017ce podane przez Ciebie informacje s\u0105 dok\u0142adne.<\/p>\n<p><strong>Prawa w\u0142asno\u015bci intelektualnej<\/strong><\/p>\n<p>Jeste\u015bmy w\u0142a\u015bcicielem lub licencjobiorc\u0105 wszelkich w\u0142asno\u015bci intelektualnych na stronie (na przyk\u0142ad praw autorskich do tekst\u00f3w i projekt\u00f3w graficznych) oraz wszelkich materia\u0142\u00f3w zamieszczonych na stronie. S\u0105 one chronione prawem autorskim.<\/p>\n<p>Mo\u017cesz wydrukowa\u0107 jedn\u0105 kopi\u0119 i pobra\u0107 informacj\u0119 z dowolnej strony na witrynie w celach prywatnych, ale nie do u\u017cytku komercyjnego bez uzyskania od nas licencji. Nie mo\u017cesz niczego zmienia\u0107 ani u\u017cywa\u0107 ilustracji, plik\u00f3w wideo i audio lub zdj\u0119\u0107 oddzielnie od tekstu, kt\u00f3ry jest z nimi zwi\u0105zany.<\/p>\n<p>Je\u015bli naruszysz te warunki, tracisz prawo do korzystania z naszej strony i musisz zniszczy\u0107 lub zwr\u00f3ci\u0107 wszystkie wykonane kopie.<\/p>\n<p><strong>Nasza odpowiedzialno\u015b\u0107 prawna wobec Ciebie<\/strong><\/p>\n<p>Nie gwarantujemy dok\u0142adno\u015bci materia\u0142u na naszej stronie. W zakresie, w jakim jest to prawnie mo\u017cliwe, nie ponosimy prawnej odpowiedzialno\u015bci za straty wynikaj\u0105ce z korzystania z naszej strony ani utrat\u0119 dochodu, zysku, biznesu, danych, um\u00f3w, reputacji lub oszcz\u0119dno\u015bci.<\/p>\n<p>Wykluczamy r\u00f3wnie\u017c, o ile jest to prawnie mo\u017cliwe, wszystkie warunki i gwarancje lub obietnice wynikaj\u0105ce z przepis\u00f3w prawa lub statut\u00f3w.<\/p>\n<p>Nie wykluczamy prawnej odpowiedzialno\u015bci za \u015bmier\u0107 lub uszkodzenie cia\u0142a w wyniku naszego zaniedbania lub odpowiedzialno\u015bci prawnej za oszustwo lub oszuka\u0144cze wprowadzenie w b\u0142\u0105d, lub w przypadku innych sytuacji, w kt\u00f3rych wykluczenie jest zabronione przez prawo.<\/p>\n<p><strong>Przest\u0119pstwa komputerowe<\/strong><\/p>\n<p>Je\u015bli zrobisz co\u015b, co jest przest\u0119pstwem na mocy obowi\u0105zuj\u0105cego prawa, twoje prawo do korzystania ze strony zako\u0144czy si\u0119 z efektem natychmiastowym. Prze\u015blemy zg\u0142oszenie do odpowiednich w\u0142adz i podamy im twoj\u0105 to\u017csamo\u015b\u0107.<\/p>\n<p>Przyk\u0142ady niew\u0142a\u015bciwego u\u017cytkowania komputera obejmuj\u0105 wprowadzenie wirusa, Robaka, Trojana i innych plik\u00f3w szkodliwych pod wzgl\u0119dem technologicznym.<\/p>\n<p>Nie pr\u00f3buj uzyska\u0107 dost\u0119pu do naszej strony lub serwera lub jakiejkolwiek po\u0142\u0105czonej bazy danych ani te\u017c przeprowadzi\u0107 \u017cadnego \u201cataku\u201d na stron\u0119.<\/p>\n<p>Nie ponosimy odpowiedzialno\u015bci prawnej za jakiekolwiek szkody wyrz\u0105dzone przez wirusy lub inne szkodliwe pliki przesy\u0142ane za po\u015brednictwem naszej witryny.\u0141\u0105cza do naszej witryny<\/p>\n<p>U\u017cytkownik mo\u017ce poda\u0107 legalny link do strony g\u0142\u00f3wnej naszej witryny internetowej, je\u015bli zawarto\u015b\u0107 witryny u\u017cytkownika spe\u0142nia standardy naszej polityki u\u017cytkowania.<\/p>\n<p>Zastrzegamy sobie mo\u017cliwo\u015b\u0107 zako\u0144czenia tego uprawnienia w dowolnym momencie.<\/p>\n<p>Nie wolno sugerowa\u0107 \u017cadnego poparcia z naszej strony lub zwi\u0105zku z nami, chyba \u017ce wyrazimy na to zgod\u0119 na pi\u015bmie.<\/p>\n<p><strong>Linki z naszej strony<\/strong><\/p>\n<p>Odno\u015bniki na naszej stronie do innych stron internetowych s\u0105 podane wy\u0142\u0105cznie w celu informacyjnym. Nie ponosimy odpowiedzialno\u015bci za inne witryny, ani za jakiekolwiek straty wynikaj\u0105ce z ich u\u017cytkowania.<\/p>\n<p><strong>Zmiany<\/strong><\/p>\n<p>Istnieje mo\u017cliwo\u015b\u0107 zmiany warunk\u00f3w u\u017cytkowania strony. Twoim obowi\u0105zkiem jest zapoznanie si\u0119 z nimi, poniewa\u017c s\u0105 one dla Ciebie wi\u0105\u017c\u0105ce.<\/p>\n<p><strong>Znak towarowy<\/strong><\/p>\n<p>Business Garden to nasz znak towarowy zarejestrowany na terenie Polski.<\/p>\n<p><strong>Prawo w\u0142a\u015bciwie<\/strong><\/p>\n<p>Niniejsze Warunki i Zasady korzystania ze strony internetowej oraz wszelkie spory lub roszczenia wynikaj\u0105ce z nich lub zwi\u0105zane z nimi, ich przedmiotem lub powstaniem (w ka\u017cdym przypadku, w tym spory lub roszczenia pozaumowne) podlegaj\u0105 i s\u0105 interpretowane zgodnie z przepisami prawa polskiego.<\/p>\n<p>Wszelkie pow\u00f3dztwa, czynno\u015bci lub post\u0119powania wynikaj\u0105ce z niniejszych Warunk\u00f3w i Zasad korzystania ze strony internetowej lub z nimi zwi\u0105zane b\u0119d\u0105 prowadzone wy\u0142\u0105cznie we w\u0142a\u015bciwych s\u0105dach w Polsce.<\/p>\n<p><strong>Skontaktuj si\u0119 z nami<\/strong><\/p>\n<p>Napisz do nas na adres info.poland@vastint.eu w przypadku jakichkolwiek pyta\u0144.<\/p>\n","protected":false},"excerpt":{"rendered":"<p>Warunki i zasady korzystania ze strony internetowej Wst\u0119p Witamy na stronie Business Garden. Poni\u017cej prezentujemy&#8230;<\/p>\n","protected":false},"author":1,"featured_media":0,"parent":0,"menu_order":0,"comment_status":"closed","ping_status":"closed","template":"templates\/textFull.php","meta":{"spay_email":""},"_links":{"self":[{"href":"https:\/\/www.businessgarden.eu\/poland\/covid-19\/wp-json\/wp\/v2\/pages\/78"}],"collection":[{"href":"https:\/\/www.businessgarden.eu\/poland\/covid-19\/wp-json\/wp\/v2\/pages"}],"about":[{"href":"https:\/\/www.businessgarden.eu\/poland\/covid-19\/wp-json\/wp\/v2\/types\/page"}],"author":[{"embeddable":true,"href":"https:\/\/www.businessgarden.eu\/poland\/covid-19\/wp-json\/wp\/v2\/users\/1"}],"replies":[{"embeddable":true,"href":"https:\/\/www.businessgarden.eu\/poland\/covid-19\/wp-json\/wp\/v2\/comments?post=78"}],"version-history":[{"count":1,"href":"https:\/\/www.businessgarden.eu\/poland\/covid-19\/wp-json\/wp\/v2\/pages\/78\/revisions"}],"predecessor-version":[{"id":339,"href":"https:\/\/www.businessgarden.eu\/poland\/covid-19\/wp-json\/wp\/v2\/pages\/78\/revisions\/339"}],"wp:attachment":[{"href":"https:\/\/www.businessgarden.eu\/poland\/covid-19\/wp-json\/wp\/v2\/media?parent=78"}],"curies":[{"name":"wp","href":"https:\/\/api.w.org\/{rel}","templated":true}]}}