{"id":610,"date":"2019-12-07T16:32:28","date_gmt":"2019-12-07T15:32:28","guid":{"rendered":"http:\/\/www2.businessgarden.eu\/poznan\/?page_id=610"},"modified":"2021-09-10T12:16:22","modified_gmt":"2021-09-10T10:16:22","slug":"o-nas","status":"publish","type":"page","link":"https:\/\/www.businessgarden.eu\/poznan\/o-nas\/","title":{"rendered":"Kompleks"},"content":{"rendered":"<h1>Innowacyjny kompleks biurowy zaprojektowany z my\u015bl\u0105 o stworzeniu wygodnego i inspiruj\u0105cego \u015brodowiska pracy.<\/h1>\n","protected":false},"excerpt":{"rendered":"<p>Innowacyjny kompleks biurowy zaprojektowany z my\u015bl\u0105 o stworzeniu wygodnego i inspiruj\u0105cego \u015brodowiska pracy.<\/p>\n","protected":false},"author":1,"featured_media":0,"parent":0,"menu_order":0,"comment_status":"closed","ping_status":"closed","template":"page-templates\/page-about.php","meta":{"spay_email":""},"acf":[],"_links":{"self":[{"href":"https:\/\/www.businessgarden.eu\/poznan\/wp-json\/wp\/v2\/pages\/610"}],"collection":[{"href":"https:\/\/www.businessgarden.eu\/poznan\/wp-json\/wp\/v2\/pages"}],"about":[{"href":"https:\/\/www.businessgarden.eu\/poznan\/wp-json\/wp\/v2\/types\/page"}],"author":[{"embeddable":true,"href":"https:\/\/www.businessgarden.eu\/poznan\/wp-json\/wp\/v2\/users\/1"}],"replies":[{"embeddable":true,"href":"https:\/\/www.businessgarden.eu\/poznan\/wp-json\/wp\/v2\/comments?post=610"}],"version-history":[{"count":3,"href":"https:\/\/www.businessgarden.eu\/poznan\/wp-json\/wp\/v2\/pages\/610\/revisions"}],"predecessor-version":[{"id":2257,"href":"https:\/\/www.businessgarden.eu\/poznan\/wp-json\/wp\/v2\/pages\/610\/revisions\/2257"}],"wp:attachment":[{"href":"https:\/\/www.businessgarden.eu\/poznan\/wp-json\/wp\/v2\/media?parent=610"}],"curies":[{"name":"wp","href":"https:\/\/api.w.org\/{rel}","templated":true}]}}